culate the greatest common factor of 1 and r.
1
Suppose -16 = -3*c + 44. Calculate the greatest common divisor of 50 and c.
10
Suppose -k + 4 = 2. Suppose -480 = -5*d + k*d. Let g(w) = -w**2 + w + 20. Let o be g(0). Calculate the greatest common divisor of d and o.
20
Let t(v) = -3*v + 3. Let j = -13 - -9. Let b be t(j). Let z(c) = 5*c**2 - 2*c - 6. Let x be z(-3). Calculate the greatest common divisor of x and b.
15
Let h = -7 - -12. Suppose 6 = 5*v - 2*x + 1, -20 = h*v + 3*x. Let f(j) = -43*j - 1. Let t be f(v). Calculate the greatest common divisor of 63 and t.
21
Suppose 21 + 14 = 2*o + 3*b, 2*b = 4*o - 30. Let i be (-12 - 3)*(-12)/o. Calculate the greatest common factor of 27 and i.
9
Let l be ((-40)/6)/(16/(-240)). Let p(r) = -r**3 + 2*r**2 + 2*r - 2. Let b be p(-2). Calculate the highest common factor of l and b.
10
Let u(b) = 3*b**3 + 2*b**3 + 1 - 14*b + 5*b**2 + 11*b - 6*b**3. Let v be u(4). Calculate the greatest common divisor of 35 and v.
5
Suppose -57 = -4*c + 11. Let a = c + 4. Let h be (-1 + 17/3)*3. What is the greatest common factor of a and h?
7
Let z be (-48)/20 - (-2)/5. Let l be 2 - 36/(-1) - z. Let i(k) = -k**2 + 16*k - 20. Let w be i(14). Calculate the greatest common factor of w and l.
8
Suppose i = 2*r + 12 - 0, 4*i - 4*r = 56. Calculate the greatest common factor of 32 and i.
16
Let j(i) = -3*i + 7. Let p be j(-7). Calculate the highest common divisor of 4 and p.
4
Let d(h) = -h**2 + 21*h + 49. Let u be d(17). What is the highest common divisor of u and 13?
13
Let s(n) = -n**2 - 14*n - 6. Let q be s(-12). Calculate the greatest common divisor of 72 and q.
18
Suppose -4*l + 8*l = 8. Let i(t) = -4*t**3 - 2*t**2 + t + 4. Let m be i(-3). Suppose l*w = m + 11. What is the greatest common factor of w and 34?
17
Let q(j) = j**2 - 10*j + 5. Let i be q(11). What is the greatest common factor of 176 and i?
16
Let u(h) = h**3 - 9*h**2 + 7*h + 10. Let y be u(8). Suppose 42 = 4*f - 4*m + 6, 2*f = -y*m + 22. Calculate the highest common divisor of f and 50.
10
Suppose 0 = -19*s + 290 + 90. What is the greatest common divisor of 60 and s?
20
Suppose o = -3*o + 120. Suppose -5*c = -2*j - o, c = 2*c - 4*j - 24. What is the highest common divisor of 32 and c?
4
Let g = -3 - -10. Let a = g - -28. What is the greatest common factor of a and 7?
7
Let y = 16 + -11. Suppose -7*t = -y*t - 20. Calculate the highest common factor of t and 10.
10
Let v(k) = -4*k**3 - 4*k**2 - k + 4. Let t be v(-4). What is the greatest common divisor of t and 25?
25
Let n = 14 - 11. Let l = -22 - -56. Suppose 0 = -5*d + 4*i - 5, -5*i + l = 5*d - 6. Calculate the highest common divisor of d and n.
3
Let i = -15 + 8. Let s(k) = k**2 - 6*k - 1. Let p be s(i). What is the highest common divisor of 9 and p?
9
Let r(s) = -2*s + 16. Let o be r(3). Let j(h) = 2*h**3 + 4*h**2 - 3*h - 1. Let y = -5 + 8. Let u be j(y). Calculate the greatest common factor of u and o.
10
Let l(r) = -r**3 + r**2 + 5*r - 2. Let z be l(3). Let w(y) = -8*y + 4. Let v be w(z). What is the greatest common factor of 11 and v?
11
Let g(d) = d. Let c be g(-3). Let a(r) = -21*r - 27*r + 46*r. Let o be a(c). Calculate the highest common factor of o and 30.
6
Suppose 5*u - 40 = -5*o, 3*u - 6 = 4*o - o. Suppose -4*d + 68 = -4*n, -3*n = -d + 2*n + 25. What is the greatest common factor of d and u?
5
Suppose -10*x = -5*x. Suppose x = -3*b + 12, -4*b - 6 = 3*t - 58. Calculate the highest common divisor of t and 30.
6
Let r be 156/21*14/4. What is the greatest common factor of 78 and r?
26
Let w be 1*-3*154/(-6). Let t(f) = f**2 + 11. Let q(u) = u**2 - 9*u - 10. Let r be q(10). Let g be t(r). What is the greatest common divisor of g and w?
11
Let r(c) = 4*c**2 + 8*c + 6. Let z = 6 + -13. Let v be r(z). Let t = -102 + v. What is the greatest common divisor of 110 and t?
22
Suppose -5*c = 2*o - 5*o + 21, 2*c = o - 7. Calculate the highest common factor of o and 7.
7
Suppose -x - x + 40 = 0. Suppose 0*t - 5*t = -25. Calculate the highest common factor of x and t.
5
Let g be 68*((-2)/(-24))/((-2)/(-6)). Calculate the greatest common divisor of 170 and g.
17
Let j(o) be the first derivative of o**2/2 - 6*o + 1. Let s be j(8). Suppose 68 = s*t + 4. What is the greatest common factor of 4 and t?
4
Suppose -5*o = o - 48. What is the greatest common divisor of 56 and o?
8
Suppose -5*t = -2*t - 243. Calculate the greatest common factor of 9 and t.
9
Let o(p) = p**3 - 5*p**2 + 3*p - 9. Let l be o(6). Let b be 1*(1 + 0)*1. Let i = 4 + b. Calculate the greatest common divisor of i and l.
5
Suppose 23 = -4*t + 3, h - 22 = 4*t. Suppose 0 = 2*q + 3*d - 185, -2*q - h*q + 410 = -2*d. What is the greatest common divisor of 10 and q?
10
Suppose 35 = m + 4*m. Let v(y) = -y**2 - y - 24. Let w be v(0). Let j = w - -45. What is the highest common divisor of m and j?
7
Suppose 2*r - 14 = -2*j, 2*j + 6 = 5*j. Suppose -r = 5*n - 170. What is the highest common divisor of 11 and n?
11
Suppose -5*q + 3*p = -14 - 20, 0 = 4*q + 4*p - 8. Calculate the greatest common factor of q and 35.
5
Let i be (-1)/8 - ((-82)/16 + -5). What is the greatest common divisor of 110 and i?
10
Suppose -3*c + 157 = -272. Suppose -2*d + c = 3*x, -x + 25 = -3*d - 2*d. Let o = 66 + -36. Calculate the highest common factor of x and o.
15
Let l be (2/(-3))/((-1)/165). What is the greatest common divisor of 22 and l?
22
Let s be (-2 - 0/1) + 38. Let c(i) = -i**2 + 34. Let u be c(5). Calculate the highest common divisor of u and s.
9
Suppose 0 = 2*i - 3*k - 15, -2*k = 4*i - 3 - 3. What is the highest common divisor of i and 6?
3
Let u(q) = 7*q - 10. Let j be u(-6). Let p = j - -124. What is the greatest common factor of 9 and p?
9
Suppose 100 = 2*r - 0*r. Suppose p = -4, 2*g = -2*g + p + 296. Suppose -7 = -4*t + g. Calculate the highest common factor of r and t.
10
Suppose 14*b = 57 + 13. Calculate the greatest common divisor of b and 65.
5
Let c(l) = l**3 - 5*l**2 + 5*l + 7. Let v be c(5). Calculate the greatest common divisor of 128 and v.
32
Let v = -1 + 1. Suppose 2*k = -v*k + 40. What is the highest common divisor of k and 4?
4
Suppose r - f = -0*f + 47, f - 41 = -r. Suppose 4*i + 0*i = r. Suppose 132 = 3*z + z. Calculate the greatest common divisor of z and i.
11
Let f be (27 + 1)*(-16)/(-8). What is the highest common divisor of 14 and f?
14
Suppose -6*u + 4 = -2*u. Let l be 20/8*(u - -1). Suppose -l*p = -0*p - 15. What is the greatest common divisor of 6 and p?
3
Let d be (-4)/(-14) + 66/14. Let k be -5*(0 + 12/(-20)). Suppose 6 = k*y, -2*i + y + 48 = d*y. Calculate the greatest common factor of 8 and i.
4
Suppose 0 = -c - 3*c - x + 26, 8 = 4*x. Let d(h) = -h**3 + 9*h**2 - 10*h + 8. Let p be d(c). What is the greatest common factor of p and 14?
14
Let y(k) = 4*k + 6. Let u be y(7). Let q = u + -17. What is the highest common factor of 119 and q?
17
Let k = 127 + -87. Suppose -3*y + k = y. Calculate the highest common factor of y and 80.
10
Let c = 176 + -116. What is the greatest common factor of c and 40?
20
Suppose 2*l - 5*f - 10 = 3, 3*f - 48 = -5*l. Calculate the greatest common divisor of 153 and l.
9
Let t be -8 + 2 + 2 + -2. Let w = 18 + t. Let l(u) = u**3 - 5*u**2 - 10*u + 2. Let i be l(7). What is the greatest common factor of i and w?
6
Let v be ((-77)/33)/((-2)/42). What is the greatest common divisor of v and 7?
7
Let v be (-5)/(-10) + (-63)/(-6). Calculate the greatest common factor of 1 and v.
1
Let l(f) = f**2 - 12*f - 11. Suppose -3*h = -5*w + 54, -32 - 7 = -5*w - 2*h. Let y be l(w). Let u = -26 - y. Calculate the greatest common factor of 18 and u.
6
Suppose 0 = 2*x + 2*k, 3*x + k - 8 = 2*k. Suppose -t = 4*q - 10, -2*t + 0 = 2*q - x. What is the highest common factor of q and 2?
1
Let b = 2500 + -1180. Suppose -2*k = 3*k - b. What is the highest common factor of k and 24?
24
Let w be (-10)/55 + 180/22. Let f be (-1)/4 + 42/w. Suppose -f*g = 15, -5*g + 18 = 2*u - u. What is the highest common divisor of 3 and u?
3
Let r(y) = -13*y - 29. Let z be r(-8). Calculate the highest common divisor of 50 and z.
25
Suppose 5*o + 0*m - 104 = -3*m, 5*o + 2*m = 101. Let l be (2/(-6))/((-3)/171). What is the greatest common divisor of o and l?
19
Suppose 0 = -2*q + 3*q - 130. What is the highest common divisor of q and 13?
13
Suppose -1 = -u - 2*y, 4